424. Let p = 528 - z. Calculate the remainder when m is divided by p.
11
Let p(g) = -196*g**2 + 5*g + 4. Let r be p(-1). Let l = r + 201. Let a(q) = -2*q - 2. What is the remainder when l is divided by a(-2)?
0
Let x(m) = 2*m - 24 - 6 + 18. Let q be x(8). What is the remainder when 29 is divided by (-893)/(-57) - q/6?
14
Suppose -14*x + 7553 = 744 - 1101. Calculate the remainder when x is divided by 263.
39
Let h be ((-120)/8)/3 - -49. Suppose 1056 = -h*g + 50*g. Calculate the remainder when g is divided by 18.
14
Suppose 572*h - 472*h = 800. Calculate the remainder when 6334 is divided by h.
6
Let x be 40 + (5 + -1 - 9). Let o = x + -10. Suppose 36 = 4*f - 20. What is the remainder when o is divided by f?
11
Let v = -137 + 223. Let b = v - 79. Suppose 5*s + 3*k = -0*k + 186, k = s - 42. Calculate the remainder when s is divided by b.
4
Suppose 13*z = 2*v + 10*z - 295, z = -v + 155. Let w = v + -142. Let h = 100 + -62. Calculate the remainder when h is divided by w.
8
Let n be (-74)/(-6) - ((-8)/(-6) + -2). Suppose -13 - n = -2*o. Let c(w) = -20*w - 19. What is the remainder when c(-2) is divided by o?
8
Suppose 2*s + 3*s - 3*u - 28 = 0, 2*s + 5*u = 5. Suppose 36 = -z + s*z. Calculate the remainder when z is divided by 3*4/9*3.
1
Let v = 16756 - 16478. Calculate the remainder when 591 is divided by v.
35
Suppose 1984 + 7456 = 236*d. What is the remainder when 171 is divided by d?
11
Suppose 1405*i = 1396*i + 207. Calculate the remainder when 167 is divided by i.
6
Suppose -142*r = -144*r + p + 90, -r + 45 = 5*p. Calculate the remainder when 3419 is divided by r.
44
Let c(s) = -2*s**3 - 2*s**2 + 10*s - 6. Let h be c(-4). Suppose -8*y - 62 = h. Calculate the remainder when 19 is divided by y/7 - (2 - 8).
3
Suppose 4*l - 466 = 2*l. Suppose 24 = 3*b - 30. Calculate the remainder when l is divided by b.
17
Let x(n) = 2*n**3 + 10*n**2 + 4*n + 47. What is the remainder when 1925 is divided by x(0)?
45
Suppose 0 = 3*x, 0 = 2*i + 2*x - 7 - 67. Suppose f - 1019 + 334 = 0. Suppose -243 = 2*b - f. What is the remainder when b is divided by i?
36
Suppose 0 = 94*n - 101*n + 15 + 314. Calculate the remainder when 383 is divided by n.
7
Let t = 446 - 440. Let r(z) = 139*z + 71. Calculate the remainder when r(0) is divided by t.
5
Let f(c) = 49*c. Let u(o) = -125*o + 23550. Calculate the remainder when u(187) is divided by f(1).
28
Let n(k) = k**3 + 3*k**2 - 72*k + 10. What is the remainder when 491 is divided by n(-10)?
11
Let d = 2 - -2. Let k be ((-28)/(-42))/(d/138). Suppose 0 = -2*m - k + 61. What is the remainder when m is divided by 4?
3
Suppose 5*j + 76 = 86. Let m(n) = 20*n + 7 + 0*n**2 - n**j - n**2 - 6*n. Calculate the remainder when 55 is divided by m(7).
6
Suppose 3*c + c - 20 = 0. Suppose -5*d = f - 55 - 8, -4*f + c = d. Let s = d + 5. Calculate the remainder when 49 is divided by s.
13
Let s = -202 - -194. Let f(g) = 3*g**2 + 3*g. What is the remainder when s/(-12) + (1 - (-237)/9) is divided by f(-2)?
4
Let k = -26 + -177. Let s = k - -307. What is the remainder when s is divided by (-212)/(-6) + (-2)/(-3)?
32
Let p be 2*44*1/2. Suppose 5*w = 3*z - 41, -p = -4*z - 2*w - 2*w. Suppose 576*g = 587*g - 352. Calculate the remainder when g is divided by z.
8
Let d(f) = f**2 + 12*f + 5. Let l be d(0). Calculate the remainder when l + (395 - (-5 + 0)) is divided by 69.
60
Let n(f) = 2*f - 34. Let b = -220 + 256. What is the remainder when 90 is divided by n(b)?
14
Let q = -27 - -48. Suppose f = 2*l + 6, 4*l - 7*l - q = -3*f. What is the remainder when 17 is divided by f?
1
Let j be 4 - (-2 - 2 - (-1347)/3). Let a = -427 - j. What is the remainder when 31 is divided by a?
3
Let j(t) = t**3 + 7*t**2 + 2*t + 15. Let k be j(-7). Calculate the remainder when 74 is divided by -1 - ((2 - k)*1 - 27).
24
Let s = 6364 - 6269. Calculate the remainder when 433 is divided by s.
53
Calculate the remainder when 2224 is divided by (37802/(-287) - -29)*(1 + -8).
67
Suppose -78*h + 40 = -76*h. Let a = -2 + 4. Suppose 3*w - h = -a. What is the remainder when 6 is divided by w?
0
Suppose -2*a = -0*a + 280. Suppose 5*t = 9*t + 284. Let f = t - a. What is the remainder when f is divided by 14?
13
Let c(d) = -16*d - 1087. What is the remainder when 3482 is divided by c(-73)?
80
Let r(k) = 49*k**2 + 7*k + 14. Let q be r(5). Suppose 0 = 5*z - 4*x - q, 0*z - 2*x - 250 = -z. What is the remainder when z is divided by 20?
18
Suppose 194*r - 170*r - 53568 = -255*r. What is the remainder when 26879 is divided by r?
191
Let z(m) be the first derivative of 23*m**2/2 - m + 1. Let f(p) = 456*p + 7359. What is the remainder when f(-16) is divided by z(1)?
19
Let b(l) = -60*l - 465. Calculate the remainder when 27 is divided by b(-8).
12
Let n(m) = m**2 + 87*m + 1526. What is the remainder when 1721 is divided by n(-63)?
13
Let d(w) = -145*w + 624. Suppose 3*f - 4 + 1 = 0. Calculate the remainder when d(4) is divided by 0/f + 11 - -1.
8
Let p(y) = y**3 - 4*y**2 + 2*y + 6. Let k be p(-5). Let o = -106 - k. What is the remainder when o is divided by 21?
18
Suppose 9021 = 12*y + 8337. Calculate the remainder when 233 is divided by y.
5
Let i = -30 + 39. Suppose 0 = 5*r + 3*t - 1565, 1106 - 133 = 3*r - 5*t. Suppose r = 6*y + 106. What is the remainder when y is divided by i?
8
Suppose -18 = -5*a - 8, i = -5*a + 61. What is the remainder when i is divided by (-40 - -30)/((-10)/4)?
3
Let y be (-14)/(3 + -10) - (-17 + 0). Suppose -y*u = -616 - 125. What is the remainder when 75 is divided by u?
36
Suppose -53 = -5*c - 28. Suppose 3*n - o - 379 = 0, 573 + 47 = c*n - 4*o. What is the remainder when n is divided by 22?
18
Let l be 6/10 + 44/10. Suppose -6*t - 170 = -5*s - 8*t, -l*t = 2*s - 47. Let f = 619 - 369. What is the remainder when f is divided by s?
34
Suppose -11*r - 13*r + 6*r = -9054. Calculate the remainder when r is divided by 143.
74
Let p = -17291 - -17351. What is the remainder when 1333 is divided by p?
13
Let c(w) = w**2 + 6*w + 7. Let p be c(-4). Let u(t) = -18*t - 14. What is the remainder when (-1 - -3) + (p - -5) is divided by u(-1)?
2
Let v(d) = d**2 - 20*d + 4. Let k be v(20). Let r(x) = 4*x + 1. Let z be r(k). Let f = -3 + z. Calculate the remainder when 22 is divided by f.
8
Let y(h) = 192*h. Let w be y(2). Suppose 7*q - 2*l = 11*q - 1446, w = q - 4*l. What is the remainder when q is divided by 61?
59
Let j = 208 + -199. Suppose 44 - 179 = -j*i. Calculate the remainder when 149 is divided by i.
14
Let p = 3616 + -3612. Calculate the remainder when 892 is divided by p.
0
Let m(t) = -130*t - 1074. What is the remainder when m(-10) is divided by 132?
94
Let b be (-39)/91 + (-526)/14. Let s be b/(-2 - -1 - -2). Let r = s - -44. Calculate the remainder when 27 is divided by r.
3
Let t be ((-27)/(-6))/(6 - 2484/416). Let o = t - 152. What is the remainder when (12 + 1)/((-2)/(-2)) is divided by o?
1
Let h(i) = -2*i + 3. Suppose -34*g = -40*g + 540. Suppose 2*k - g = -2*t + 26, -4*k = -12. What is the remainder when t is divided by h(-13)?
26
Let b(h) = 536*h - 3730. Calculate the remainder when b(8) is divided by 131.
34
Suppose u + 23 = 28. Suppose 0 = -k + u + 2. Calculate the remainder when 61 is divided by k.
5
Suppose 13*h = -4*h + 8466. Let m = 547 - h. What is the remainder when 127 is divided by m?
29
Let v(a) = a**2 + a + 1. Let i be v(-2). Let o(j) = -6*j**2 + 6*j - 6. Let d be o(2). What is the remainder when -1*i + (d - -145) is divided by 25?
24
Suppose 17 = g + 15. Suppose -5*s - 70 = -6*s - g*k, -5*k + 286 = 4*s. What is the remainder when s is divided by 25?
24
Suppose 3473*f = 3488*f - 675. What is the remainder when (-8)/2 - (23 + -161) is divided by f?
44
Let g = 12866 + -11141. Calculate the remainder when g is divided by 11.
9
Let f(m) = 36*m - 35*m**2 + 8 + m**3 - 18 - 11 - 17. Calculate the remainder when 106 is divided by f(34).
16
What is the remainder when 2/((-4)/(-18)) + 395 is divided by 122?
38
Calculate the remainder when 407 is divided by 2/(-8) + 66654/504.
11
Suppose -2*a = a + 5*b - 16, 0 = -3*a - 2*b + 19. Let l = -10 - -11. What is the remainder when 105 is divided by l/((-2)/a - 129/(-378))?
15
Suppose -4*f - 16 = 0, -10*x + 12*x + 2*f = 0. Suppose 0 = 3*o - x*u - 98, -2*o = -7*o + 5*u + 170. Calculate the remainder when o is divided b